 5*z(x). Give b(3).
-7
Let p be -4 + 3*8/6. Let d(f) = f**2 - f + 7. Determine d(p).
7
Let d(s) be the third derivative of -s**7/5040 + s**6/144 + 7*s**5/60 + 2*s**2. Let b(g) be the third derivative of d(g). Let n = 0 + 0. Calculate b(n).
5
Let j(s) be the third derivative of -2/3*s**3 - 3*s**2 + 1/12*s**4 + 0*s + 0. Determine j(3).
2
Let i be (0 + 12/10)*-5. Let n(c) = 20 + 13 - c**2 - 7*c - 37. What is n(i)?
2
Let b(y) = -y**3 + y**2 + 1 + y**2 + 6*y**2 - 8*y. Suppose 4*o + 33 = 3*i, 5*i + o + 3*o - 23 = 0. What is b(i)?
-6
Let d(h) be the second derivative of h**5/20 - 5*h**4/12 - 7*h**3/6 + 5*h**2/2 - h. Let n be (10/(-5))/((-2)/6). Give d(n).
-1
Let x be (-1 - (-10)/6)*(-9)/(-6). Let u(j) = -j**2 + 3. Let d(h) = 4. Let v(b) = 2*d(b) - 3*u(b). What is v(x)?
2
Let a(t) be the third derivative of t**5/60 + t**4/3 - 11*t**2. Calculate a(-7).
-7
Let c(i) = 3*i + 10. Let l(h) = h + 3. Let o(u) = -2*c(u) + 7*l(u). Suppose -3*n = -8*n - 10. Calculate o(n).
-1
Let q(a) be the second derivative of -a**5/20 + 5*a**4/12 - 5*a**2/2 + 48*a. Give q(5).
-5
Suppose 3*q = -3*l - 51, -4*l - 3*q - 37 = 26. Let k be (-1)/5 - l/10. Let i(b) = -b + 9. Let v(s) = 2. Let m(n) = -2*i(n) + 9*v(n). What is m(k)?
2
Suppose n = 5*d + 25, 12 = 4*n + 3*d - d. Let w = n + -3. Let c(h) = 2*h - h**2 + 6*h + 1 - w*h. Determine c(5).
6
Let f(z) be the first derivative of 3*z + 1 - 3/2*z**2 + 1/2*z**4 - 2/3*z**3. What is f(2)?
5
Let c(k) = -2*k - 14. Let m be c(-8). Let p(f) = -4*f - 1. What is p(m)?
-9
Let c(p) = p**3 - p**2 + p - 2. Suppose 0 = 5*n - 7*n. Let f be (1 - n) + 4 + -3. Calculate c(f).
4
Let b(x) be the second derivative of 0 + 1/4*x**4 - 3/2*x**2 - 1/20*x**5 + 1/2*x**3 + 4*x. Give b(4).
-7
Suppose -4*k + 28 = -m, -3*m + 0*m = k + 6. Let t(s) = 3 + s - k + 2*s + 6. Calculate t(-2).
-3
Let o = 8 + -13. Let g be o + 1 - (-3 + 2). Let u(j) = j**3 + 4*j**2 + 5*j + 4. Calculate u(g).
-2
Suppose -2*t - 3 = -t, 5*t + 15 = s. Suppose s = -3*w - 9, 8 = -3*q - 4*w - 13. Let z be -3 + (1 - -1) - q. Let n(x) = -3*x. Give n(z).
-6
Let m(h) = -h**2 - 2*h - 1. Suppose 0*x - 6 = -2*f - 4*x, -f - 2 = -3*x. Let l(n) = -n**3 + n**2 + n. Let k be l(0). Let b be (f - k - 0)/(-1). Determine m(b).
0
Let p(j) = -j + 3. Let f be ((-35)/(-3))/(1/3). Suppose -z = 4*z - f. Calculate p(z).
-4
Let i(v) = -v**2 + 4*v. Suppose -3*z + 8*z + 4*y + 50 = 0, 2*z = 4*y - 20. Let h be (-54)/15*z/4. Suppose 0 = 5*w - h - 11. Give i(w).
0
Let i(z) = -2*z**2 - 4*z + 4 + 0*z + z**2. Suppose -5 = -2*g - 11*r + 16*r, 0 = 2*r + 6. What is i(g)?
-1
Let f be (0 - -2)/(-1) - 0. Let y be (-1 + -2 - f) + 5. Let o(x) = y*x - x**2 + 7 - 2*x + 2*x. What is o(5)?
2
Let p be (4/(-3))/((-56)/378). Let b(i) = i**3 - 8*i**2 - 11*i + 12. Calculate b(p).
-6
Let o(n) = -n**3 + 7*n**2 - 6*n + 7. Suppose -11*v = 2*v - 78. Determine o(v).
7
Let b(s) = -26*s + 3. Let z(l) = -9*l + 1. Let d(w) = -3*b(w) + 8*z(w). Calculate d(1).
5
Let p(b) = -b**2 - 3*b + 4. Suppose -f = -5*l - 6*f - 20, 10 = -2*f. Suppose -l = -3*r - 10. What is p(r)?
4
Let w = 23 + -13. Let h = w - 3. Suppose -2*k + 1 = -h. Let y(j) = -2*j + 4. Calculate y(k).
-4
Let n(p) be the first derivative of p**2/2 + 8*p + 1. Let g be (-6)/4 - 35*2/20. What is n(g)?
3
Let v(r) = 2*r**3 - 3*r**2. Let m be v(2). Let c(x) = 5 - m + x + 2 + x**2. What is c(-3)?
9
Let d(w) = w**2 - 8*w + 3. Let k(s) = -s**3 - 6*s**2 - 5*s + 7. Let l be k(-5). Give d(l).
-4
Suppose 4*g = 6*g + 2*z, 4*g + 3*z + 2 = 0. Let j(r) = r**3 + r**2 - 2*r - 1. Determine j(g).
-1
Suppose 3*x + 8 = a, 2*x + 3 - 16 = -3*a. Suppose -a*r = -20 - 0. Let u(b) = 0*b**2 + r*b**3 - 2*b**2 + b + b**2. What is u(1)?
4
Let u(m) = -m + 2. Let v be u(-3). Let c(s) be the second derivative of -s**5/20 + 5*s**4/12 - s**3/6 + s**2 - s. What is c(v)?
-3
Let d = 10 + -8. Let b(f) = 2*f**d - 4*f**3 + 0 - 2 + 3*f**3 + 3*f. Determine b(3).
-2
Let z(k) = -k + 6. Let a be z(8). Let h(y) = y**2 + 3*y + 3. What is h(a)?
1
Let c(n) = -n**2 + 7*n - 5. Let f be c(6). Let i be 2/((-6)/3)*f. Let p = 3 + i. Let b(r) = -2*r**3 + 4*r**2 - 2*r. Determine b(p).
-4
Let m = 14 - 20. Let x = m + 8. Let v(u) = -u - 1. Give v(x).
-3
Let j(y) = 0*y**2 + 6 + 1 + 6*y + y**2. Let v(h) = -h**3 + 9*h**2 + 2*h + 6. Let c(f) = f**2 + f. Let l(z) = 2*c(z) - v(z). Let g be l(7). Give j(g).
7
Let h be 6/(-4) - (-11)/2. Suppose 2*f = h - 0. Let o(n) = 1 - 13*n**f + 5*n**2 + 0. Calculate o(1).
-7
Let o(v) be the first derivative of -v**3/3 - 7*v**2/2 - 5*v - 5. Let w(m) = m. Let x be 1*5*(0 - 1). Let d be w(x). Calculate o(d).
5
Let p(r) be the third derivative of r**4/24 - r**3/6 - 2*r**2. Let w(v) = -4*v + 3. Let d(g) = -6*p(g) - w(g). What is d(4)?
-5
Suppose -u = 7*u - 48. Let b(i) = 4*i - 7. What is b(u)?
17
Let f(p) = 0*p + 436 + p - 435 - p**2. Give f(2).
-1
Let m(y) be the first derivative of 5*y**2/2 + 10. Determine m(2).
10
Let n(z) = z + 5. Let i be n(-11). Let w(u) = u. Determine w(i).
-6
Let z(t) = 9*t**2 - 7 - 8*t**2 + 4*t + 2. What is z(-6)?
7
Let s(x) = 0*x - 2*x + 0 - 1 - 4. What is s(-6)?
7
Let g(v) = -v + 2. Suppose 3*h + 2 = 2*h. Let o be 1/((-1)/1 - h). Calculate g(o).
1
Let l(t) = t - 13. Let u(s) = -3*s + 39. Let j(z) = 7*l(z) + 2*u(z). What is j(7)?
-6
Let h be (-5 - -11)*(-2)/(-6). Let k(m) be the first derivative of -h - 1/3*m**3 + 2*m**2 - 4*m. Determine k(5).
-9
Let x(w) be the first derivative of w**3/2 - 3*w**2 + w + 4. Let b(v) be the first derivative of x(v). Suppose -5*k + 9 + 11 = 0. Calculate b(k).
6
Suppose -2*q + 5*k = -17, -2*q - 5*k - 10 = 3*q. Let a(h) = 3*h + 4*h - h + q - 4*h. Let o = 1 + -2. Determine a(o).
-1
Let w(r) be the first derivative of r**4/4 - r**3 - r**2 - 2*r + 39. Give w(3).
-8
Let b(m) = 98*m - 6 - 37*m - 35*m - m**2 - 34*m. What is b(-8)?
-6
Let y(h) = -h**3 - 6*h**2 - 10*h - 10. Let c(d) = -2*d**3 - 12*d**2 - 21*d - 21. Let j(k) = -6*c(k) + 13*y(k). Determine j(-5).
-9
Let k(h) = -5*h - 1. Let o be k(-3). Suppose y = 3*s + 7, -3*s - 3*y - o = 1. Let m(c) = -c**3 - 2*c**2 + 5*c + 3. What is m(s)?
-3
Let o(x) be the third derivative of x**6/120 + 7*x**3/6 + 3*x**2 - 6. Calculate o(0).
7
Let l(k) = k**3 - 11*k**2 - k + 16. Suppose -2*b - 3*b + 55 = 0. What is l(b)?
5
Let w be 1 + 2 + 2 + -4. Let n(l) = -28*l**3 + 3*l**2 + 10*l + 4. Let o(m) = -19*m**3 + 2*m**2 + 7*m + 3. Let q(s) = 5*n(s) - 7*o(s). Determine q(w).
-6
Let c(f) be the third derivative of f**5/60 - f**4/12 - f**3/2 - 6*f**2. Give c(3).
0
Let s(p) = 5*p - p - 16 + 10 - 3*p. What is s(7)?
1
Let z(u) = 3*u**2 + u + 3. Let m(n) = -8*n**2 - 3*n - 8. Let b(v) = -4*m(v) - 11*z(v). Give b(1).
-1
Let u(s) be the first derivative of -s**3/3 - s**2/2 - s + 9. Calculate u(-1).
-1
Let c(l) = 19*l - 1. Let j(m) = 9*m - 1. Let g(w) = -6*c(w) + 13*j(w). Let x(d) = d**3 - 3*d**2 + 2*d - 1. Let s be x(3). Calculate g(s).
8
Let w(f) = 2*f**2 + f - 1. Let o(t) = 4*t**2 + t - 2. Let q(m) = 2*o(m) - 5*w(m). Calculate q(-3).
-8
Let f(i) be the second derivative of 2*i**3 - i**2/2 + 2*i. What is f(-1)?
-13
Suppose 0 = -2*h - 12 + 2. Let p = h + 3. Let o(v) = 3*v**2 + 2*v - 2. Give o(p).
6
Let l be (1 - 1) + -1 - 16. Let x(n) be the third derivative of 7*n**4/12 + 9*n**3/2 + 3*n**2. Let b(q) = -5*q - 9. Let f(o) = l*b(o) - 6*x(o). Give f(5).
-4
Let d(m) = -m + 12. Let x be d(11). Let w(j) = -8*j**3 - j. What is w(x)?
-9
Let a(m) = -2*m**2 - 7*m - 4. Let y(k) = -k**2 - 10*k - 4. Let g be y(-10). Calculate a(g).
-8
Let r(d) be the second derivative of -d**3/6 + 3*d**2/2 - d. Suppose -5*y + 9 = -11. What is r(y)?
-1
Let m = 17 + -18. Let b(w) = 2*w**3 - 2*w - 1. Calculate b(m).
-1
Let o(f) be the third derivative of -f**5/60 - f**4/6 - 5*f**3/6 + 4*f**2. Determine o(-5).
-10
Suppose -a - 2*a = -6. Let h(f) = -a*f - 2 + 0*f + 4 + 3*f. Calculate h(5).
7
Let j(q) = -9*q**2 - 3*q - 5. Let r(x) = 10*x**2 + 4*x + 5. Let m(g) = 6*j(g) + 5*r(g). Let p(k) = -5*k**2 + k - 6. Let f(n) = -4*m(n) + 3*p(n). What is f(5)?
2
Let o(v) = v - 6. Let g be (-2)/(-7) - (-235)/35. Let a = g + -13. Let f = a - -12. Give o(f).
0
Let w(h) be the second derivative of h**4/3 - h**3/2 + 3*h**2/2 - h. What is w(2)?
13
Let k(f) be the third derivative of f**6/60 + f**5/30 + f**4/12 + f**3/6 + f**2. Determine k(-1).
-1
Let w(v) = -3*v - 2*v + 1 + 1 + 3*v. Suppose 3*q = -2*h - 0*h - 3, 5*q